digit of 9632337?
6
What is the hundreds digit of 1372121?
1
What is the millions digit of 5045700?
5
What is the units digit of 65784?
4
What is the tens digit of 10677077?
7
What is the units digit of 465843?
3
What is the hundreds digit of 688?
6
What is the hundred thousands digit of 6952638?
9
What is the hundred thousands digit of 519463?
5
What is the tens digit of 526595?
9
What is the hundreds digit of 12521557?
5
What is the thousands digit of 56612?
6
What is the thousands digit of 4754909?
4
What is the tens digit of 1410429?
2
What is the hundred thousands digit of 4167792?
1
What is the tens digit of 9126816?
1
What is the units digit of 1795537?
7
What is the hundreds digit of 612321?
3
What is the ten thousands digit of 3009421?
0
What is the units digit of 3705503?
3
What is the ten thousands digit of 2017174?
1
What is the tens digit of 235682?
8
What is the ten thousands digit of 238255?
3
What is the hundreds digit of 9981942?
9
What is the hundreds digit of 22629?
6
What is the hundreds digit of 690911?
9
What is the units digit of 228886?
6
What is the ten thousands digit of 2754830?
5
What is the units digit of 2156420?
0
What is the ten thousands digit of 19637706?
3
What is the units digit of 558315?
5
What is the tens digit of 2994512?
1
What is the ten thousands digit of 2336891?
3
What is the hundred thousands digit of 9579907?
5
What is the thousands digit of 34165?
4
What is the hundreds digit of 266689?
6
What is the ten thousands digit of 1473950?
7
What is the hundreds digit of 1664554?
5
What is the units digit of 36805?
5
What is the hundreds digit of 713528?
5
What is the ten thousands digit of 1604406?
0
What is the ten thousands digit of 1004800?
0
What is the ten millions digit of 12682586?
1
What is the tens digit of 339707?
0
What is the hundreds digit of 573971?
9
What is the millions digit of 13377427?
3
What is the units digit of 576894?
4
What is the thousands digit of 673490?
3
What is the ten thousands digit of 13084737?
8
What is the ten thousands digit of 3384127?
8
What is the ten thousands digit of 585953?
8
What is the units digit of 2170194?
4
What is the units digit of 773114?
4
What is the tens digit of 648213?
1
What is the hundreds digit of 8167?
1
What is the thousands digit of 778841?
8
What is the hundreds digit of 265994?
9
What is the millions digit of 2592728?
2
What is the units digit of 16042395?
5
What is the units digit of 2959827?
7
What is the millions digit of 2360966?
2
What is the tens digit of 75323?
2
What is the ten thousands digit of 15672?
1
What is the units digit of 8533512?
2
What is the millions digit of 15211234?
5
What is the tens digit of 1168830?
3
What is the units digit of 3486819?
9
What is the millions digit of 1396235?
1
What is the units digit of 642264?
4
What is the ten thousands digit of 23247670?
4
What is the hundred thousands digit of 224548?
2
What is the hundreds digit of 1238613?
6
What is the millions digit of 1023231?
1
What is the millions digit of 12451270?
2
What is the hundred thousands digit of 753710?
7
What is the hundreds digit of 631921?
9
What is the hundred thousands digit of 7721575?
7
What is the hundreds digit of 311174?
1
What is the millions digit of 23398835?
3
What is the ten thousands digit of 42198585?
9
What is the hundreds digit of 3483153?
1
What is the units digit of 859121?
1
What is the hundreds digit of 668207?
2
What is the ten thousands digit of 525773?
2
What is the units digit of 3166171?
1
What is the hundred thousands digit of 8956280?
9
What is the ten millions digit of 17989963?
1
What is the hundred thousands digit of 4636876?
6
What is the thousands digit of 4005242?
5
What is the tens digit of 389253?
5
What is the units digit of 22240467?
7
What is the hundred thousands digit of 131881?
1
What is the units digit of 2484221?
1
What is the ten thousands digit of 65693?
6
What is the ten thousands digit of 2592604?
9
What is the hundreds digit of 25260490?
4
What is the thousands digit of 43923104?
3
What is the tens digit of 270060?
6
What is the hundreds digit of 3483654?
6
What is the ten thousands digit of 206143?
0
What is the ten millions digit of 12470484?
1
What is the hundreds digit of 197641?
6
What is the tens digit of 768342?
4
What is the tens digit of 18966755?
5
What is the ten thousands digit of 5470683?
7
What is the ten thousands digit of 9545337?
4
What is the hundred thousands digit of 3789866?
7
What is the thousands digit of 525053?
5
What is the thousands digit of 879922?
9
What is the thousands digit of 4491466?
1
What is the thousands digit of 268404?
8
What is the units digit of 2511766?
6
What is the tens digit of 154494?
9
What is the hundreds digit of 5485205?
2
What is the units digit of 48256?
6
What is the thousands digit of 1496642?
6
What is the millions digit of 6777532?
6
What is the thousands digit of 5532311?
2
What is the hundreds digit of 9289008?
0
What is the hundred thousands digit of 15114941?
1
What is the ten thousands digit of 127016?
2
What is the thousands digit of 440773?
0
What is the hundreds digit of 1363811?
8
What is the hundred thousands digit of 5393904?
3
What is the thousands digit of 427933?
7
What is the hundreds digit of 8762766?
7
What is the thousands digit of 6488251?
8
What is the tens digit of 678?
7
What is the hundreds digit of 13015441?
4
What is the hundreds digit of 214553?
5
What is the thousands digit of 234286?
4
What is the units digit of 1059421?
1
What is the hundreds digit of 1528841?
8
What is the hundreds digit of 628104?
1
What is the hundreds digit of 28281?
2
What is the hundreds digit of 1221595?
5
What is the ten thousands digit of 67433?
6
What is the millions digit of 30112765?
0
What is the units digit of 233338?
8
What is the hundreds digit of 305201?
2
What is the tens digit of 1397473?
7
What is the tens digit of 565291?
9
What is the hundred thousands digit of 6311830?
3
What is the thousands digit of 1177804?
7
What is the thousands digit of 409424?
9
What is the units digit of 11982415?
5
What is the tens digit of 3683223?
2
What is the thousands digit of 293174?
3
What is the units digit of 22008?
8
What is the units digit of 8018500?
0
What is the ten thousands digit of 203760?
0
What is the units digit of 337270?
0
What is the thousands digit of 11259575?
9
What is the ten thousands digit of 4260596?
6
What is the thousands digit of 71483?
1
What is the hundreds digit of 236366?
3
What is the thousands digit of 13364210?
4
What is the ten thousands digit of 85974?
8
What is the tens digit of 149087?
8
What is the thousands digit of 299832?
9
What is the units digit of 2993?
3
What is the hundred thousands digit of 7853734?
8
What is the hundred thousands digit of 482551?
4
What is the hundred thousands digit of 2163831?
1
What is the thousands digit of 502268?
2
What is the tens digit of 7372288?
8
What is the units digit of 155298?
8
What is the ten thousands digit of 9618902?
1
What is the tens digit of 4954097?
9
What is the tens digit of 7431558?
5
What is the hundred thousands digit of 253653?
2
What is the hundred thousands digit of 6004452?
0
What is the hundreds digit of 677715?
7
What is the hundred thousands digit of 4777354?
7
What is the hundreds digit of 8862073?
0
What is the hundred thousands digit of 8652293?
6
What is the units digit of 142467?
7
What is the units digit of 5675306?
6
What is the thousands digit of 2006991?
6
What is the units digit of 858588?
8
What is the units digit of 5035354?
4
What is the tens digit of 172523?
2
What is the units digit of 2878646?
6
What is the hundred thousands digit of 166773?
1
What is the ten thousands digit of 100789?
0
What is the units digit of 481458?
8
What is the hundred thousands digit of 321982?
3
What is the hundreds digit of 6251158?
1
What is the hundred thousands digit of 142013?
1
What is the ten thousands digit of 44804?
4
What is the units digit of 682236?
6
What is the tens digit of 38383?
8
What is the millions digit of 1388490?
1
What is the thousands digit of 81303?
1
What is the hundred thousands digit of 386871?
3
What is the ten thousands digit of 1441475?
4
What is the ten thousands digit of 10954387?
5
What is the ten thousa